w**2. Let q be a(-8). Calculate the greatest common divisor of q and 70.
14
Suppose s - 4469 = -l, 4*s + 7*l - 17912 = -9*l. Calculate the highest common divisor of 231 and s.
77
Suppose d + 0*d - 2*h - 506 = 0, h = 5*d - 2494. Suppose -3*u + d = 5*y - u, 3*y = -3*u + 297. What is the highest common divisor of y and 125?
25
Let r = -239 + 384. Let s = r - 141. What is the highest common divisor of s and 64?
4
Let g = -56 + -32. Let f = g + 112. What is the highest common factor of f and 384?
24
Let x = 20 + -18. Suppose 1 = -d, -5*k = -d - x*d - 43. Let n(w) = -w**3 + 10*w**2 - 13*w + 6. Let f be n(k). Calculate the highest common divisor of 40 and f.
10
Suppose -7*h = 6 + 1786. Let k = 257 + h. What is the greatest common factor of k and 12?
1
Suppose 168 = 3*q - 2*g, -3*g - 334 = -5*q - 55. Let c = 135 - 45. What is the greatest common factor of q and c?
18
Let p = -36 + 41. Suppose 25 = 5*o - p. Suppose 25 = o*c - 11. What is the greatest common divisor of 4 and c?
2
Suppose -5*x + 3*g = -1041, g - 425 = -2*x - 2. What is the greatest common factor of 2667 and x?
21
Let r = 510 + -624. Let x be -3 + r/(-36) + 2335/30. What is the highest common divisor of x and 6?
6
Suppose -2300*y + 2303*y - 18 = 0. Suppose 0 = -3*o + g + 594, 7*o = 4*o - 3*g + 594. Calculate the greatest common factor of o and y.
6
Let o be 22 + ((-3)/3)/1. Suppose -o*f - 700 = -26*f. Let h = -50 + f. Calculate the highest common divisor of 60 and h.
30
Suppose 71 = -2*l - o, -o - 14 - 24 = l. Let t = l + 81. Calculate the highest common factor of 32 and t.
16
Let j(r) = r**3 - 58*r**2 + 106*r - 1312. Let u be j(58). What is the highest common divisor of 156 and u?
156
Let v = -36 + 70. Suppose -20 = -4*n - 5*x, 0 = 5*n + 5*x - x - v. Let y be 3484/20 - 2/n. Calculate the highest common divisor of y and 29.
29
Let l(h) = 2*h + 24. Let c be l(-7). Let o be 2852/115 + 3 + 14/(-5). What is the highest common divisor of c and o?
5
Let r = 65 + -51. Let c(k) = -k**2 + 16*k - 15. Let y be c(r). Suppose -97*h + 96*h = -y. Calculate the highest common factor of h and 104.
13
Suppose s - 4*p = 112, -159*p + 154*p = s - 112. What is the greatest common factor of 280 and s?
56
Suppose 26*i + 43087 = 5*x + 24*i, x = -5*i + 8612. Calculate the greatest common divisor of x and 7.
7
Let x be 2/(36/27)*(-14)/(-3). What is the highest common factor of x and 329?
7
Let a = 28020 - 11206. What is the highest common factor of 14 and a?
14
Suppose -51*f = -398 - 408 + 194. What is the highest common factor of 30300 and f?
12
Let o = 3262 + -3251. Suppose -5*q = -d - 41, 2*q + 6*d - 38 = d. Let t be (-44)/6*q/(-6). What is the greatest common factor of o and t?
11
Let x = -29 - -43. Suppose -5*t = -18 + 128. Let j = -8 - t. Calculate the highest common factor of j and x.
14
Let w be (1 + (-18)/8)/(9513/(-1584) + 6). Let j = 141 - 97. What is the highest common divisor of j and w?
44
Suppose 2*n + 2*h - 1000 = 0, 525 = 2*n - 2*h - 463. Let d = 668 - n. Calculate the highest common divisor of d and 228.
57
Let h = -1890 + 1921. Calculate the highest common factor of 2201 and h.
31
Let s = 45 - 21. Let a = 53 - s. Suppose -9*x + 522 = 9*x. What is the greatest common divisor of x and a?
29
Let z(t) = 168*t + 14. Let m be z(0). What is the highest common divisor of m and 413?
7
Let n(w) = 8*w + 267. Let z be n(-31). Calculate the highest common divisor of 5491 and z.
19
Suppose -5*q = 4 + 21, -5*q - 33 = 2*s. Let k be ((-2)/s)/((-17)/(-850)). What is the highest common factor of 400 and k?
25
Let s = 24771 + -24403. What is the highest common divisor of s and 32?
16
Suppose -13*f + 11*f + 4*o = -2154, -2*o - 2152 = -2*f. Calculate the greatest common divisor of f and 43.
43
Let a(o) = 5*o + 11. Let y(c) = c**2 - c. Let s(b) = a(b) + 2*y(b). Let u be s(-7). What is the highest common divisor of 22 and u?
22
Suppose -m - 4 = -3*k, -m - k = 6 - 2. Let s be m/3*(-90)/60. Suppose 0*x + i = 3*x - 63, 0 = -s*x + 3*i + 42. What is the greatest common divisor of x and 7?
7
Let d be (-8)/6*(-69)/4. Let g = 187 - 141. What is the highest common divisor of g and d?
23
Let q be (30/(-2))/((-1)/1). Suppose -5*w + 60 = 5*a, 5*w = 2*a - 0*w - 10. Suppose -22*c = -a*c - 720. What is the highest common divisor of q and c?
15
Let s be 245*((-512)/112)/(-16). Calculate the highest common factor of 42 and s.
14
Suppose 22*p = 6*p + 336. Suppose -18*j + p*j - 1116 = 0. Suppose 13*r - j = -112. Calculate the greatest common divisor of r and 25.
5
Suppose -4*m + 14 = -q - 1, 0 = -5*m - 2*q + 35. Suppose -3*g - 2190 = -m*y, -13*g = -5*y - 11*g + 2195. Calculate the highest common divisor of y and 7.
7
Suppose 15 = -5*a, -168*h - 3*a - 165 = -172*h. What is the highest common factor of h and 5889?
39
Let s = 76 + -18. Suppose 4*v - 4198 - 3961 = r - 1892, 12 = -4*r. What is the greatest common factor of s and v?
58
Let x be 30/(-15) - (-96 - -4). What is the highest common divisor of 70 and x?
10
Suppose 0 = -40*n + 25*n - 1680. Let a be (n/(-12))/2 + 4/(-6). What is the highest common divisor of 1 and a?
1
Suppose -a - 7*c = -10*c - 38, 0 = -2*c - 10. Let y be (a + -25)*(-2 + 7/(-2)). What is the greatest common factor of y and 22?
11
Suppose 71*m - 8568 = 63*m. What is the greatest common factor of m and 765?
153
Let c(o) = -o**3 + 4*o**2 + 6*o - 3. Let k be c(6). Suppose -48*r = -27 - 117. Let b be k*(32/12 - r). Calculate the highest common divisor of b and 143.
13
Let k(y) = -y**2 + 12*y + 15. Suppose 10 = -5*o, 0 = -i + 5*o + 29 - 7. Let q be k(i). Calculate the highest common divisor of 55 and q.
5
Suppose x = -2*x - 156. Let z = x + 65. Suppose -3*g + 104 = g. What is the greatest common factor of g and z?
13
Suppose 3*c - 64 = -5*v + 64, -c = -3*v + 88. What is the greatest common divisor of 826 and v?
14
Let m = 145 - 129. Let k be 3/(-45)*-5*3. Let q be (4/1)/(k/2). Calculate the greatest common divisor of q and m.
8
Suppose -35*l - 97603 = -54*l. Calculate the greatest common divisor of 11 and l.
11
Let f = -17681 + 40260. What is the greatest common factor of f and 67?
67
Suppose -15*l + 66 = -9. Suppose m = -2*n + 29, -l*n + 42 = -m - 13. Calculate the greatest common divisor of n and 3.
3
Let q be -1 + 1 + 5/1. Suppose q + 55 = 5*w. Let v(g) = g**2 - 3*g - 1. Let d be v(-1). What is the greatest common factor of w and d?
3
Suppose 0 = -2*a - d + 29, 5*a - 80 = -d - 4*d. Suppose 4 = -3*c + a. What is the highest common factor of 84 and c?
3
Let s be 14/(-133) - (-118)/38. Let l(f) = -2*f + 0*f**2 - f**2 + 7*f + 9*f + s. Let q be l(7). Calculate the highest common divisor of q and 13.
13
Let x be ((-51)/(-6))/(-17) - (-34)/4. Suppose p + 3*u - 23 = 0, 87 = 5*p - 5*u - x. What is the greatest common factor of p and 40?
20
Let n be 34/3 + (-10)/30. Let d(k) = 6 - 2*k**2 - 13*k + 0 - n - 1. Let j be d(-4). What is the greatest common factor of 14 and j?
14
Let w be ((-24)/(-20) - (-207)/(-60))/((-33723)/1872 + 18). Let j be 60*(14/10 + -1). What is the highest common divisor of j and w?
12
Let v = 77 - 30. Suppose -i = c - v, -2*c = -c + 4*i - 47. Let t = 55 - c. Calculate the greatest common factor of t and 12.
4
Suppose 0 = 67*s - 71*s - 2164. Let w = -371 - s. What is the highest common factor of 70 and w?
10
Suppose 16*i = -21*i + 29*i + 7784. What is the highest common divisor of i and 119?
7
Suppose -726 = -3*b + 2*u - 733, 0 = -b - 5*u + 26. Calculate the highest common factor of 16 and b.
1
Let h = -2389 + 2532. Calculate the highest common factor of h and 957.
11
Suppose 0 = 3*b + 9*b + 240. Let u = -24 - b. Let d be -1*(u - -62)*-1*1. Calculate the highest common divisor of 29 and d.
29
Let q(j) = -3*j**2 - 16*j - 3. Let z be q(-5). Suppose 0 = -2*a + z*h + 220, a + 4*h + 98 = 2*a. Calculate the greatest common divisor of a and 6.
6
Let f(u) = u**3 - 9*u**2 + 22*u + 23. Let p be f(6). What is the greatest common divisor of 7849 and p?
47
Suppose -2*n = -8 - 100. Suppose -9*d - n = -11*d. Let y = -2218 - -2227. Calculate the highest common factor of d and y.
9
Suppose 2*k = -33 - 69. Let f be (-5)/((-46)/15 + 3). Let v = k + f. What is the greatest common factor of v and 6?
6
Let t be 5/(-10)*(-50 - -2)/(-4). Let j(b) = -b**2 - b + 36. Let z be j(t). Suppose 3*g = -2*g + 330. Calculate the highest c